ppose t = 4*l + 9, -16 = -4*t - 5*l - 1. Suppose t*d = 95 + 70. Suppose 6*q - d = 75. What are the prime factors of q?
2, 3
Suppose -16*b + 11*b = -1185. What are the prime factors of b?
3, 79
Suppose 0 = -c - 3 + 5. List the prime factors of 150 + -11 + c + 0.
3, 47
Suppose g - 35 = 3*v + 32, -2*v = -4*g + 28. Let s = v + 98. List the prime factors of s.
2, 37
Suppose 5*k = -3*j + 10, -4*k + 2*k = 2. Let p(t) = 4*t**2 + 3*t + 15. What are the prime factors of p(j)?
2, 5, 13
Let p be (-1)/((-3)/24*1). Let w(f) = -10*f + 30. Let k(u) = -3*u + 10. Let t(o) = p*k(o) - 3*w(o). What are the prime factors of t(4)?
2, 7
Suppose -6*l = -l - 3*t + 4, 2*l = 5*t - 13. Let c(s) = 39*s**3 - 2*s**2 + 1. What are the prime factors of c(l)?
2, 19
Suppose -43 - 13 = -8*k. Suppose 0 = -5*h - k*h + 1248. List the prime factors of h.
2, 13
Suppose -c = -3*b + 54, -3*c + 3*b - 83 = 49. Let a be 204/(-26) + 6/c. What are the prime factors of 42/a*16/(-3)?
2, 7
Suppose -4*x = 4*w - 32, 0 = -2*x + 3*w - 1 + 2. Suppose -320 = -4*i - 5*d, -620 = -x*i - 3*d - 207. What are the prime factors of i?
5, 17
Let z = 891 + -626. List the prime factors of z.
5, 53
Let d(h) be the second derivative of 1/6*h**3 - 9*h + 15/2*h**2 + 0. List the prime factors of d(-8).
7
Let l(y) = -12 + 8 - 2 + 5. Let d(m) = -45*m**2 + 3*m + 3. Let i(a) = -d(a) - 5*l(a). List the prime factors of i(1).
2, 11
Let v(c) = 217*c - 22. Let k be v(-2). Let z = 765 + k. What are the prime factors of z?
3, 103
Suppose 69 = 5*w - 31. What are the prime factors of (-18)/(-5)*w/16*18?
3
Suppose m = -44 + 46. List the prime factors of 3/(m - -1) - -119.
2, 3, 5
Let m(f) = 3 + 2 - f - f. Let o be m(0). Suppose -3*r - 24 = -o*r - 2*z, 2*z - 10 = -r. What are the prime factors of r?
2, 7
Suppose 4*j = 2*j + 2*d + 4, -4*j - 5*d - 28 = 0. List the prime factors of (-2 + (-233)/2)*j.
3, 79
Suppose -19*f + 14*f + 25 = 0. Suppose 0*g + 510 = f*g. What are the prime factors of g?
2, 3, 17
Suppose -17*i = 19*i - 29016. What are the prime factors of i?
2, 13, 31
Let t(g) = 3*g**2 + 88*g - 100. What are the prime factors of t(25)?
3, 5, 53
Suppose -2*n = -2*c + 2, -n + c = 2*c + 1. List the prime factors of (107 - -13) + 4/n.
2, 29
Let s = 805 - 550. Suppose -m + s = 4*m. List the prime factors of m.
3, 17
Let g(m) = -2*m**3 - 7*m**2 - 13*m - 4. What are the prime factors of g(-9)?
2, 251
Let x = -69 - -73. Let d = 6 + 0. Let b = x + d. List the prime factors of b.
2, 5
Suppose -3268 = -o - 0*f - 4*f, -4*f = 3*o - 9820. List the prime factors of o.
2, 3, 7, 13
Let p(q) = -16*q**2 - 3*q + 2681. List the prime factors of p(0).
7, 383
Suppose 0*f + 1 = -f. Let g be (f + -3)/(2 - 0). List the prime factors of g + 22 - 2/1.
2, 3
Let x = 496 + 29. List the prime factors of x.
3, 5, 7
Let s(q) = q**3 - 3*q**2 - q. Let b be s(3). Let n = b + 3. List the prime factors of n/(-1) + 21 - 2.
19
Let s(h) = 1460*h**2 - 36*h - 35. What are the prime factors of s(-1)?
3, 487
Suppose 4*j - 10 = 2*j. Suppose -2*q + j*l + 2 = -2, q = -4*l + 2. Suppose -q*i = -3*i + 6. List the prime factors of i.
2, 3
Let h = -23 - -17. Let x be 11 + h + 2 - 4. Suppose -w = 5*l - 58, 0 = w + 4*w - x*l - 234. List the prime factors of w.
2, 3
Suppose 280 = -34*f + 39*f. What are the prime factors of (0 + (-21)/6)/((-2)/f)?
2, 7
Let q be (-2)/(-2) - (11 + -2). Let f be (-121)/22*q*9. List the prime factors of ((-1)/(-2))/(9/f).
2, 11
Suppose -4*t + 0*z = -z - 10987, -t + 2734 = 4*z. What are the prime factors of t?
2, 1373
Let a = -1 + -3. Let y be 1*(a - -12) + -3. List the prime factors of y/2*(-8 - -34).
5, 13
Let p = 549 - 61. List the prime factors of p.
2, 61
Suppose -8*r + r + 21 = 0. Suppose r*l + 262 = 2*i, 5*i + 4*l - 655 = 3*l. List the prime factors of i.
131
Suppose -2*f - 5*h + 2*h = 0, -f - 7 = 5*h. Let t be 8/f - 16/24. What are the prime factors of t/(-3)*(-45 + -12)?
2, 19
Let s = -15 - -20. Let q(x) = -x - 9. Let t be q(s). List the prime factors of 24/(t/(-8) + -1).
2
Suppose 46 = 4*l - 130. Suppose -l*b = -39*b - 270. List the prime factors of b.
2, 3
Let o be (-3 - -2) + 76/4. Let q = -66 + o. Let i = -30 - q. What are the prime factors of i?
2, 3
Let c(r) = r**2 - 15*r + 18. Let s be c(14). Suppose -m + 3 = -s. What are the prime factors of m?
7
Let k be (-2 - -2)*(-3 + 4). Suppose 6 = -k*q + 2*q. What are the prime factors of 21/q + 1*-2?
5
Let k = 184 - 306. Let s be (-1)/(-4) - (-3595)/20. Let q = s + k. List the prime factors of q.
2, 29
Let b = -689 - -1115. What are the prime factors of b?
2, 3, 71
Let p = 1183 - 839. Let t = p + -178. What are the prime factors of t?
2, 83
Suppose 5*z - 4 = 2*t, t + 2*z - 7 = -0*z. Suppose w + t*w = 344. What are the prime factors of w?
2, 43
Suppose 7*d + 3852 = 16*d. What are the prime factors of d?
2, 107
Let w(m) = 19*m - 147. What are the prime factors of w(12)?
3
Let t be (4/12*4)/((-1)/6). Let x(g) = g**2 - 3*g + 3. List the prime factors of x(t).
7, 13
Let i = -8 + 10. Suppose -11*l + 1278 = -i*l. List the prime factors of l.
2, 71
Let y(d) = d**3 - 4*d**2 - 6. Let t be y(5). Let z = 23 - t. Suppose 3*i = 4*l + 107, -z*l - 32 = -2*i + 34. List the prime factors of i.
41
Let g(f) = -40*f**2 + 2*f - 7. Let x(j) = -20*j**2 + j - 3. Let d(u) = 2*g(u) - 5*x(u). Let k be d(1). What are the prime factors of 710/k - (-6)/(-4)?
2, 17
Let b = -9 + 44. Let k = 92 - b. List the prime factors of k.
3, 19
What are the prime factors of (10 - (-9945)/36)*4?
5, 229
Let t = 6 - -16. Suppose v + t = 72. What are the prime factors of v?
2, 5
Let p(v) be the second derivative of v**4/12 + v**3/2 + 3*v**2/2 - 2*v. Let q be p(3). What are the prime factors of (-1*q)/((-12)/8)?
2, 7
Let w(l) = l**3 + 15*l**2 + 15*l + 4. Let b be w(-14). Let f = b - -6. Let o(u) = u**3 + 4*u**2 - 4*u + 1. What are the prime factors of o(f)?
17
Let z be (7/(-9) + (-12)/54)*-65. Let q = z + -17. What are the prime factors of q?
2, 3
Suppose 2*s = -5*x + 24, -3*x + 0*x = -6. Let n(j) = j**2 + 2*j - 6. List the prime factors of n(s).
3, 19
Suppose 0 = -5*a - 4*t + 551, 3*a + 0*a = 3*t + 309. Let h = a - 72. List the prime factors of h.
5, 7
Suppose 4*s - 6*s = -2*a, -5*s = -3*a - 6. Let w(y) = s + 4 + 70*y + 5*y - 5. List the prime factors of w(1).
7, 11
Let g be (0 + 2)/1 - -3. Suppose -z - 2*z = -5*t + 540, -g*t = 4*z - 540. Suppose -3*q + 2 = -2*h - 79, 4*q - t = 5*h. What are the prime factors of q?
3
Suppose -90 = -5*b - 4*q, -3*q + 18 = b - 0*q. Suppose 0*o = -3*o + b. List the prime factors of 40/12*9/o.
5
Let u(i) = -4*i - 20. Let l be u(-5). Suppose 9*k - 18*k + 288 = l. What are the prime factors of k?
2
Let q = -732 - -1542. List the prime factors of q.
2, 3, 5
Suppose -2*l = 3 - 9. List the prime factors of 3563/28 - (l/(-4) + 0).
2
Suppose 10 + 47 = -3*l. Let c = l - -39. Let j = c - 14. List the prime factors of j.
2, 3
Let s(r) = 36*r**2 - 5*r**2 + 84*r**2 + 1. List the prime factors of s(-1).
2, 29
Suppose 2*w - 2*i + 10 = -0, 0 = w + 5*i + 23. Let s = -5 - w. Suppose 4*a + 104 = 2*z + 2*z, s*a + 12 = 0. List the prime factors of z.
2, 11
Suppose 7*l - 5*l - 6 = 0. Suppose 0*d - 5*d + 120 = 5*j, l*j - 66 = -5*d. What are the prime factors of j?
3
Suppose -4*q + 2*q = -3*j - 41, -q - 4*j - 7 = 0. Let a = q + 20. What are the prime factors of a?
3, 11
Let o(p) = -15*p - 24. Let t be o(-8). Suppose -2*h - 2 + t = 0. What are the prime factors of h?
47
Let m = -265 - -294. List the prime factors of m.
29
Suppose -4*a + 2*u - 4*u + 16 = 0, -10 = a - 3*u. Suppose a*p = -h + 73, -3*p + 282 = 4*h - 5*p. List the prime factors of (3 + -1 - 1)*h.
71
Suppose -5*m + 53 = -17. Let p = m - 18. List the prime factors of (p - 34/(-8))*148.
37
Suppose l = -3*s + 1886, 3*l - 5*s + s = 5645. What are the prime factors of l?
7, 269
Suppose 0 = 126*c - 124*c - 2958. List the prime factors of c.
3, 17, 29
Let u(o) = o - 6. Let y be u(6). Suppose y = 3*n - 10 + 70. List the prime factors of (-1 - 0)*2 - n.
2, 3
Suppose 45*l - 8998 = 23*l. What are the prime factors of l?
409
Let s(b) = b**2 + b + 4. Let k be s(0). Let m be 0/(1 + -3 + k). Suppose m = -4*y + 2*z + 58, -5 = -z - 4. List the prime factors of y.
3, 5
Let s = -37 + 41. Suppose -4*y + 489 = -u, s = 3*u + 19. What are the prime factors of y?
11
Suppose 5*q + 25 + 55 = 0. Suppo